{"id":64,"date":"2018-06-13T12:50:57","date_gmt":"2018-06-13T12:50:57","guid":{"rendered":"https:\/\/www.otto.de\/partnerprogramm\/?page_id=64"},"modified":"2026-04-15T10:31:06","modified_gmt":"2026-04-15T10:31:06","slug":"werbemittel","status":"publish","type":"page","link":"https:\/\/www.otto.de\/partnerprogramm\/wissenswertes\/werbemittel\/","title":{"rendered":"Werbemittel"},"content":{"rendered":"<div class=\"wpb-content-wrapper\"><p>[vc_row][vc_column][vc_column_text]<\/p>\n<h1><strong>Welche Werbemittel gibt es?<\/strong><\/h1>\n<h2>&#8211; f\u00fcr jede Website und Zielgruppe etwas passendes<\/h2>\n<p>[\/vc_column_text][vc_empty_space height=&#8220;16px&#8220;][vc_accordion active_tab=&#8220;false&#8220; title_size=&#8220;h3&#8243; style=&#8220;2&#8243;][vc_accordion_tab title=&#8220;Text-\/Deeplinks&#8220;][vc_column_text]Text- oder Deeplinks kannst du schnell und einfach in deine Seite integrieren und um passende Inhalte erg\u00e4nzen. Wenn du ganz bestimmte Produkte oder Aktionen bewerben m\u00f6chtest, kannst du dir \u00fcber den Deeplink Generator auch selbst Links erstellen und deine User so immer auf die f\u00fcr sie passende Seite im OTTO Online Shop leiten.[\/vc_column_text][\/vc_accordion_tab][vc_accordion_tab title=&#8220;OTTO Logo&#8220; el_id=&#8220;2&#8243;][vc_column_text]Platziere mit dem OTTO Logo eine starke Marke auf deiner Website. Durch die Vielzahl an angebotenen Formaten passt es wirklich immer und \u00fcberall. Das Logo linkt direkt auf die Startseite von otto.de und er\u00f6ffnet attraktive Umsatz-Chancen.[\/vc_column_text][\/vc_accordion_tab][vc_accordion_tab title=&#8220;Banner&#8220;][vc_column_text]Um dir die gr\u00f6\u00dftm\u00f6gliche Flexibilit\u00e4t bei der Integration zu bieten, sind unsere Banner in allen gebr\u00e4uchlichen Gr\u00f6\u00dfen vorhanden. So werden deine Besucher stets von Produkten und Themen begleitet, die zu ihren Interessen und deinem Webauftritt passen. Das erh\u00f6ht die Conversionrate und verringert zudem auch deinen Pflegeaufwand, um die Werbemittel aktuell zu halten.[\/vc_column_text][vc_single_image image=&#8220;1404&#8243; img_size=&#8220;medium&#8220;][vc_single_image image=&#8220;1403&#8243; img_size=&#8220;medium&#8220;][\/vc_accordion_tab][vc_accordion_tab title=&#8220;Produktfeed&#8220;][vc_column_text]Ganz gleich wor\u00fcber deine Website auch handelt \u2013 in unserem Produktfeed findest du die passenden Artikel. \u00dcber sieben Million gelistete Produkte erm\u00f6glichen es dir, die passenden Artikel oder Sortimente aus unserem Onlineshop flexibel f\u00fcr dich zu nutzen.<\/p>\n<p>[\/vc_column_text][\/vc_accordion_tab][\/vc_accordion][\/vc_column][\/vc_row][vc_row][vc_column][\/vc_column][\/vc_row][vc_row anchor=&#8220;style-creator&#8220;][vc_column][\/vc_column][\/vc_row][vc_row anchor=&#8220;style-creator&#8220;][vc_column][\/vc_column][\/vc_row][vc_row gap=&#8220;&#8220; style=&#8220;flat&#8220; shape=&#8220;square&#8220; color=&#8220;grey&#8220; no_fill_content_area=&#8220;&#8220; spacing=&#8220;1&#8243; tab_position=&#8220;top&#8220; alignment=&#8220;left&#8220; autoplay=&#8220;none&#8220; active_section=&#8220;1&#8243; pagination_style=&#8220;&#8220; pagination_color=&#8220;grey&#8220; title=&#8220;&#8220;][vc_column][\/vc_column][\/vc_row]<\/p>\n<\/div>","protected":false},"excerpt":{"rendered":"<p>[vc_row][vc_column][vc_column_text] Welche Werbemittel gibt es? &#8211; f\u00fcr jede Website und Zielgruppe etwas passendes [\/vc_column_text][vc_empty_space height=&#8220;16px&#8220;][vc_accordion active_tab=&#8220;false&#8220; title_size=&#8220;h3&#8243; style=&#8220;2&#8243;][vc_accordion_tab title=&#8220;Text-\/Deeplinks&#8220;][vc_column_text]Text- oder Deeplinks kannst du schnell und einfach in deine Seite integrieren und um passende Inhalte erg\u00e4nzen. Wenn du ganz bestimmte Produkte oder Aktionen bewerben m\u00f6chtest, kannst du dir \u00fcber den Deeplink Generator auch selbst Links erstellen<\/p>\n","protected":false},"author":17,"featured_media":0,"parent":22,"menu_order":0,"comment_status":"closed","ping_status":"closed","template":"","meta":{"_acf_changed":false,"footnotes":""},"class_list":["post-64","page","type-page","status-publish","hentry","description-off"],"acf":[],"yoast_head":"<!-- This site is optimized with the Yoast SEO plugin v27.3 - https:\/\/yoast.com\/product\/yoast-seo-wordpress\/ -->\n<title>OTTO Werbemittel im Partnerprogramm - Klickstark und vielf\u00e4lltig!<\/title>\n<meta name=\"description\" content=\"Im Partnerprogramm von OTTO stehen dir eine Vielzahl an Werbemittel zur Verf\u00fcgung. Von dynamischen Bannern mit oder ohne Retargeting sowie Textlinks.\" \/>\n<meta name=\"robots\" content=\"index, follow, max-snippet:-1, max-image-preview:large, max-video-preview:-1\" \/>\n<link rel=\"canonical\" href=\"https:\/\/www.otto.de\/partnerprogramm\/wissenswertes\/werbemittel\/\" \/>\n<meta property=\"og:locale\" content=\"de_DE\" \/>\n<meta property=\"og:type\" content=\"article\" \/>\n<meta property=\"og:title\" content=\"OTTO Werbemittel im Partnerprogramm - Klickstark und vielf\u00e4lltig!\" \/>\n<meta property=\"og:description\" content=\"Im Partnerprogramm von OTTO stehen dir eine Vielzahl an Werbemittel zur Verf\u00fcgung. Von dynamischen Bannern mit oder ohne Retargeting sowie Textlinks.\" \/>\n<meta property=\"og:url\" content=\"https:\/\/www.otto.de\/partnerprogramm\/wissenswertes\/werbemittel\/\" \/>\n<meta property=\"og:site_name\" content=\"OTTO Affiliate\" \/>\n<meta property=\"article:modified_time\" content=\"2026-04-15T10:31:06+00:00\" \/>\n<meta name=\"twitter:card\" content=\"summary_large_image\" \/>\n<meta name=\"twitter:label1\" content=\"Est. reading time\" \/>\n\t<meta name=\"twitter:data1\" content=\"2\u00a0Minuten\" \/>\n<script type=\"application\/ld+json\" class=\"yoast-schema-graph\">{\"@context\":\"https:\\\/\\\/schema.org\",\"@graph\":[{\"@type\":\"WebPage\",\"@id\":\"https:\\\/\\\/www.otto.de\\\/partnerprogramm\\\/wissenswertes\\\/werbemittel\\\/\",\"url\":\"https:\\\/\\\/www.otto.de\\\/partnerprogramm\\\/wissenswertes\\\/werbemittel\\\/\",\"name\":\"OTTO Werbemittel im Partnerprogramm - Klickstark und vielf\u00e4lltig!\",\"isPartOf\":{\"@id\":\"https:\\\/\\\/www.otto.de\\\/partnerprogramm\\\/#website\"},\"datePublished\":\"2018-06-13T12:50:57+00:00\",\"dateModified\":\"2026-04-15T10:31:06+00:00\",\"description\":\"Im Partnerprogramm von OTTO stehen dir eine Vielzahl an Werbemittel zur Verf\u00fcgung. Von dynamischen Bannern mit oder ohne Retargeting sowie Textlinks.\",\"breadcrumb\":{\"@id\":\"https:\\\/\\\/www.otto.de\\\/partnerprogramm\\\/wissenswertes\\\/werbemittel\\\/#breadcrumb\"},\"inLanguage\":\"de\",\"potentialAction\":[{\"@type\":\"ReadAction\",\"target\":[\"https:\\\/\\\/www.otto.de\\\/partnerprogramm\\\/wissenswertes\\\/werbemittel\\\/\"]}]},{\"@type\":\"BreadcrumbList\",\"@id\":\"https:\\\/\\\/www.otto.de\\\/partnerprogramm\\\/wissenswertes\\\/werbemittel\\\/#breadcrumb\",\"itemListElement\":[{\"@type\":\"ListItem\",\"position\":1,\"name\":\"Startseite\",\"item\":\"https:\\\/\\\/edit.otto-partnerprogramm.de\\\/partnerprogramm\\\/\"},{\"@type\":\"ListItem\",\"position\":2,\"name\":\"Wissenswertes\",\"item\":\"\\\/partnerprogramm\\\/wissenswertes\\\/\"},{\"@type\":\"ListItem\",\"position\":3,\"name\":\"Werbemittel\"}]},{\"@type\":\"WebSite\",\"@id\":\"https:\\\/\\\/www.otto.de\\\/partnerprogramm\\\/#website\",\"url\":\"https:\\\/\\\/www.otto.de\\\/partnerprogramm\\\/\",\"name\":\"OTTO Affiliate\",\"description\":\"Das OTTO Partnerprogramm\",\"potentialAction\":[{\"@type\":\"SearchAction\",\"target\":{\"@type\":\"EntryPoint\",\"urlTemplate\":\"https:\\\/\\\/www.otto.de\\\/partnerprogramm\\\/?s={search_term_string}\"},\"query-input\":{\"@type\":\"PropertyValueSpecification\",\"valueRequired\":true,\"valueName\":\"search_term_string\"}}],\"inLanguage\":\"de\"}]}<\/script>\n<!-- \/ Yoast SEO plugin. -->","yoast_head_json":{"title":"OTTO Werbemittel im Partnerprogramm - Klickstark und vielf\u00e4lltig!","description":"Im Partnerprogramm von OTTO stehen dir eine Vielzahl an Werbemittel zur Verf\u00fcgung. Von dynamischen Bannern mit oder ohne Retargeting sowie Textlinks.","robots":{"index":"index","follow":"follow","max-snippet":"max-snippet:-1","max-image-preview":"max-image-preview:large","max-video-preview":"max-video-preview:-1"},"canonical":"https:\/\/www.otto.de\/partnerprogramm\/wissenswertes\/werbemittel\/","og_locale":"de_DE","og_type":"article","og_title":"OTTO Werbemittel im Partnerprogramm - Klickstark und vielf\u00e4lltig!","og_description":"Im Partnerprogramm von OTTO stehen dir eine Vielzahl an Werbemittel zur Verf\u00fcgung. Von dynamischen Bannern mit oder ohne Retargeting sowie Textlinks.","og_url":"https:\/\/www.otto.de\/partnerprogramm\/wissenswertes\/werbemittel\/","og_site_name":"OTTO Affiliate","article_modified_time":"2026-04-15T10:31:06+00:00","twitter_card":"summary_large_image","twitter_misc":{"Est. reading time":"2\u00a0Minuten"},"schema":{"@context":"https:\/\/schema.org","@graph":[{"@type":"WebPage","@id":"https:\/\/www.otto.de\/partnerprogramm\/wissenswertes\/werbemittel\/","url":"https:\/\/www.otto.de\/partnerprogramm\/wissenswertes\/werbemittel\/","name":"OTTO Werbemittel im Partnerprogramm - Klickstark und vielf\u00e4lltig!","isPartOf":{"@id":"https:\/\/www.otto.de\/partnerprogramm\/#website"},"datePublished":"2018-06-13T12:50:57+00:00","dateModified":"2026-04-15T10:31:06+00:00","description":"Im Partnerprogramm von OTTO stehen dir eine Vielzahl an Werbemittel zur Verf\u00fcgung. Von dynamischen Bannern mit oder ohne Retargeting sowie Textlinks.","breadcrumb":{"@id":"https:\/\/www.otto.de\/partnerprogramm\/wissenswertes\/werbemittel\/#breadcrumb"},"inLanguage":"de","potentialAction":[{"@type":"ReadAction","target":["https:\/\/www.otto.de\/partnerprogramm\/wissenswertes\/werbemittel\/"]}]},{"@type":"BreadcrumbList","@id":"https:\/\/www.otto.de\/partnerprogramm\/wissenswertes\/werbemittel\/#breadcrumb","itemListElement":[{"@type":"ListItem","position":1,"name":"Startseite","item":"https:\/\/edit.otto-partnerprogramm.de\/partnerprogramm\/"},{"@type":"ListItem","position":2,"name":"Wissenswertes","item":"\/partnerprogramm\/wissenswertes\/"},{"@type":"ListItem","position":3,"name":"Werbemittel"}]},{"@type":"WebSite","@id":"https:\/\/www.otto.de\/partnerprogramm\/#website","url":"https:\/\/www.otto.de\/partnerprogramm\/","name":"OTTO Affiliate","description":"Das OTTO Partnerprogramm","potentialAction":[{"@type":"SearchAction","target":{"@type":"EntryPoint","urlTemplate":"https:\/\/www.otto.de\/partnerprogramm\/?s={search_term_string}"},"query-input":{"@type":"PropertyValueSpecification","valueRequired":true,"valueName":"search_term_string"}}],"inLanguage":"de"}]}},"lang":"de","translations":{"de":64,"en":2054},"pll_sync_post":[],"_links":{"self":[{"href":"https:\/\/www.otto.de\/partnerprogramm\/wp-json\/wp\/v2\/pages\/64","targetHints":{"allow":["GET"]}}],"collection":[{"href":"https:\/\/www.otto.de\/partnerprogramm\/wp-json\/wp\/v2\/pages"}],"about":[{"href":"https:\/\/www.otto.de\/partnerprogramm\/wp-json\/wp\/v2\/types\/page"}],"author":[{"embeddable":true,"href":"https:\/\/www.otto.de\/partnerprogramm\/wp-json\/wp\/v2\/users\/17"}],"replies":[{"embeddable":true,"href":"https:\/\/www.otto.de\/partnerprogramm\/wp-json\/wp\/v2\/comments?post=64"}],"version-history":[{"count":84,"href":"https:\/\/www.otto.de\/partnerprogramm\/wp-json\/wp\/v2\/pages\/64\/revisions"}],"predecessor-version":[{"id":739,"href":"https:\/\/www.otto.de\/partnerprogramm\/wp-json\/wp\/v2\/pages\/64\/revisions\/739"}],"up":[{"embeddable":true,"href":"https:\/\/www.otto.de\/partnerprogramm\/wp-json\/wp\/v2\/pages\/22"}],"wp:attachment":[{"href":"https:\/\/www.otto.de\/partnerprogramm\/wp-json\/wp\/v2\/media?parent=64"}],"curies":[{"name":"wp","href":"https:\/\/api.w.org\/{rel}","templated":true}]}}