{"id":20,"date":"2018-06-13T12:33:30","date_gmt":"2018-06-13T12:33:30","guid":{"rendered":"https:\/\/www.otto.de\/partnerprogramm\/?page_id=20"},"modified":"2026-04-15T10:30:51","modified_gmt":"2026-04-15T10:30:51","slug":"affiliate-marketing","status":"publish","type":"page","link":"https:\/\/www.otto.de\/partnerprogramm\/wissenswertes\/affiliate-marketing\/","title":{"rendered":"Affiliate Marketing"},"content":{"rendered":"<div class=\"wpb-content-wrapper\"><p>[vc_row][vc_column][vc_column_text]<\/p>\n<h1><strong>Das kleine Affiliate 1&#215;1<\/strong><\/h1>\n<h2>&#8211; kurze und knappe Erkl\u00e4rung von Affiliate Marketing<\/h2>\n<h2><\/h2>\n<p>[\/vc_column_text][vc_empty_space height=&#8220;16px&#8220;][vc_accordion active_tab=&#8220;false&#8220; title_size=&#8220;h3&#8243; style=&#8220;2&#8243;][vc_accordion_tab title=&#8220;Was ist Affiliate Marketing?&#8220;][vc_column_text]<\/p>\n<div class=\"wpb_text_column wpb_content_element \">\n<div class=\"wpb_wrapper\">\n<p>Affiliate Marketing ist ein Provisionsgesch\u00e4ft, bei dem ein Anbieter (Advertiser) seinen Vertriebspartnern (Affiliates) eine Vermittlungsprovision zahlt. Der Affiliate wird immer dann verg\u00fctet, wenn ein User \u00fcber die Website des Affiliates ein Produkt kauft \u2013 vorausgesetzt die Bestellung wird nicht wieder storniert.<\/p>\n<\/div>\n<\/div>\n<p>[\/vc_column_text][vc_single_image image=&#8220;980&#8243; img_size=&#8220;full&#8220;][vc_column_text]Zum besseren Verst\u00e4ndnis haben wir f\u00fcr das OTTO-Partnerprogramm zwei Beispiele vorbereitet:<\/p>\n<p><strong>Beispiel 1:<\/strong><\/p>\n<p>Von einer Partner-Seite werden 500 User \u00fcber ein Werbemittel in den OTTO-Shop geleitet. Von diesen 500 Usern kauft allerdings keiner ein Produkt bei OTTO, dann bekommt die Partner-Seite auch keine Provision von OTTO.<\/p>\n<p><strong>Beispiel 2:<\/strong><\/p>\n<p>In Beispiel 2 kaufen von diesen 500 Usern 10 User ein Produkt bei OTTO, dann bekommt die Partner-Seite 10x eine Provision gutgeschrieben.<\/p>\n<p>Die H\u00f6he der Provision ist dabei anh\u00e4ngig davon, welchen Wertbeitrag die Partner-Seite in der Customer Journey des Users geleistet hat. Mehr Informationen zur Customer Journey und der dynamischen Attribution bei OTTO findest du\u00a0<a href=\"https:\/\/www.otto.de\/partnerprogramm\/otto-partnerprogramm\/dynamische-attribution\/\">hier<\/a>. Im Gegensatz zu anderen Online-Marketing-Ma\u00dfnahmen, kommt es beim Affiliate Marketing auf die Qualit\u00e4t und nicht auf die Quantit\u00e4t der User an.[\/vc_column_text][\/vc_accordion_tab][vc_accordion_tab title=&#8220;Was ist ein Affiliate-Network?&#8220;][vc_column_text]Eine Affiliate-Network oder -Netzwerk ist ein Vermittler zwischen Advertiser und Publisher. Bei OTTO arbeiten wir mit dem gr\u00f6\u00dften Netzwerk in Deutschland \u2013 Awin \u2013 zusammen. Unter unserem Partnerprofil bei Awin findest du alle Informationen zu unserem Programm in kompakter Form und kannst dir jederzeit unsere aktuellen Werbemittel f\u00fcr deine Seite holen, um deinen Usern immer die relevantesten OTTO-Informationen zur Verf\u00fcgung zu stellen. Au\u00dferdem hast du in deinem pers\u00f6nlichen Bereich die M\u00f6glichkeit dir unterschiedliche Reportings bzgl. deiner Performance anzuschauen oder zu exportieren. \u00dcber Awin wird auch das gesamte Tracking und die Provisionsverg\u00fctung abgebildet. Bei Fragen kannst du dich jederzeit gerne an Awin oder\u00a0<a href=\"https:\/\/www.otto.de\/partnerprogramm\/kontakt\/\">direkt an uns wenden<\/a>.[\/vc_column_text][\/vc_accordion_tab][vc_accordion_tab title=&#8220;Welche unterschiedliche Affiliate Modelle gibt es?&#8220;][vc_column_text]Im Laufe der Zeit haben sich immer mehr unterschiedliche Affiliate Modelle entwickelt oder sind aus bereits bestehenden Modellen hervorgegangen. Aktuell ist dabei sicherlich das Influencer Marketing eine Methode die sich erst in den letzten Jahren wirklich richtig entwickelt hat. Im Folgenden m\u00f6chten wir euch kurz die beliebtesten Modelle vorstellen die aktuell von Affiliates genutzt werden:<\/p>\n<h3><strong>Content Affiliate Seiten, z.B. Blogs oder aber auch Influencer<\/strong><\/h3>\n<p>Content Publisher erstellen einzigartige Inhalte die f\u00fcr ihre User einen Mehrwert in der jeweiligen Nische oder Segment darstellen. Die User vertrauen der Empfehlung des Publishers oder Influencers und kaufen im besten Fall \u00fcber den Affiliate Link auf der Partner Website im Shop des Advertisers.<\/p>\n<h3><strong>Deal &amp; Gutschein Affiliates<\/strong><\/h3>\n<p>Hier werden den Usern die besten Deals und Gutscheine unterschiedlicher Shops angezeigt. Der User hat die M\u00f6glichkeit \u00fcber diese Publisher jederzeit mit den besten Angeboten richtig Geld zu sparen.<\/p>\n<h3><strong>Loyalty- &amp; Cashback Affiliates<\/strong><\/h3>\n<p>Diese Publisher bieten ihren Usern einen Anreiz f\u00fcr ihre Loyalit\u00e4t, wenn sie \u00fcber ihre Website bei einem Advertiser einkaufen. Diese Anreize k\u00f6nnen je nach Anbieter unterschiedlicher Art sein, z.B. Cashback, Meilen oder Beitr\u00e4ge zu gemeinn\u00fctzigen Aktionen.<\/p>\n<h3><strong>Vergleichsseiten<\/strong><\/h3>\n<p>Auf Vergleichsseiten werden von den Publishern Produktinformationen aggregiert und aufbereitet, sodass die User die M\u00f6glichkeit haben anhand von bestimmten Kriterien die Produkte direkt miteinander zu vergleichen. Im Idealfall entscheidet sich der User aufgrund dieses Vergleichs zu einem Kauf der Produkte.<\/p>\n<h3><strong>E-Mail Marketing Affiliates<\/strong><\/h3>\n<p>E-Mail Publisher verschicken E-Mails an ihre Abonnenten mit Informationen und Angeboten von Advertisern, an denen die Abonnenten interessiert sein k\u00f6nnten.<\/p>\n<h3><strong>Toolbars<\/strong><\/h3>\n<p>Bei diesem Modell wird \u00fcber eine technische L\u00f6sung versucht, dass Shopping Erlebnis des Users zu erleichtern oder zu vereinfachen. Dabei handelt es sich zum Beispiel um Browser-Erweiterungen oder aber auch Software die heruntergeladen werden muss und anschlie\u00dfend zu einem besseren Shopping Erlebnis f\u00fchren soll.[\/vc_column_text][\/vc_accordion_tab][vc_accordion_tab title=&#8220;Welche Verg\u00fctungsvarianten gibt es?&#8220;][vc_column_text]Im Affiliate Marketing gibt es viele verschieden Varianten eine Werbekostenleistung zu verg\u00fcten. Die am h\u00e4ufigsten verwendeten Verg\u00fctungsarten sind dabei folgende:<\/p>\n<h3><strong>Cost per Order (CPO)<\/strong><\/h3>\n<p>Beim einem CPO Modell (wird vom OTTO-Partnerprogramm verwendet) bekommt der Publisher eine Verg\u00fctung sobald ein Kauf auf der Seite des Advertisers stattgefunden hat, wenn der User vorher auf der Seite des Publisher war und \u00fcber einen Affiliate Link auf die Seite des Advertisers gekommen ist. Bei vielen Programmen wird dabei das Prinzip des Last-Click angewendet. Das bedeutet, dass nur der Publisher eine Verg\u00fctung bekommt, \u00fcber den der User den letzten Klick vor dem Kauf get\u00e4tigt hat. Bei OTTO ist dies nicht der Fall, denn hier wird jeder Publisher der an einer Customer Journey beteiligt war und somit zur Kaufentscheidung des Users beigetragen hat anteilig verg\u00fctet. Mehr Infos zur dynamischen Attribution findest du\u00a0<a href=\"https:\/\/www.otto.de\/partnerprogramm\/otto-partnerprogramm\/dynamische-attribution\/\">hier<\/a>.<\/p>\n<h3><strong>Cost per Click (CPC)<\/strong><\/h3>\n<p>Beim Costs per Click Modell wird jeder Klick auf ein Werbemittel des Advertisers verg\u00fctet. Der Publisher wird bei dieser Art deutlich fr\u00fcher als beim CPO Modell verg\u00fctet, da er nur daf\u00fcr sorgen muss, dass der User auf das jeweilige Werbemittel klickt. F\u00fcr den Merchant ist bei diesem Modell sichergestellt, dass der User auch wirklich das Werbemittel wahrgenommen hat, da er noch eine Aktion (den Klick) ausf\u00fchren muss, um zu Website des Advertisers zu kommen.<\/p>\n<h3><strong>Cost per Lead (CPL)<\/strong><\/h3>\n<p>Eine Lead Verg\u00fctung ist gleichzusetzen mit einer Kontaktverg\u00fctung. Diese Methode kommt sehr h\u00e4ufig bei Newsletter Kampagnen zum Einsatz, wo ein Advertiser einem Publisher z.B. f\u00fcr jede Newsletter Anmeldung eine fixe Verg\u00fctung zahlt. Aber auch im App Marketing wird diese Methode verwendet, um den Download (CPI \u2013 cost per Install) der jeweiligen App des Advertisers zu pushen.[\/vc_column_text][\/vc_accordion_tab][vc_accordion_tab title=&#8220;Fazit&#8220;][vc_column_text]Affiliate Marketing ist eine sehr effektive und effiziente Form des Online Marketings. Es bringt sowohl Vorteile f\u00fcr den Advertiser als auch f\u00fcr den Publisher mit sich. Der Advertiser erh\u00e4lt die M\u00f6glichkeit auf relevanten Partnerseiten seine Angebote oder seine Produkte zu vermarkten. F\u00fcr den Publisher bietet sich dadurch die M\u00f6glichkeit den eigenen Umsatz zu erh\u00f6hen. Besonders wichtig ist der pers\u00f6nliche Kontakt zwischen Advertiser und Publisher, um jederzeit auf sich ver\u00e4ndernde Rahmenbedingungen reagieren und die Partnerschaft kontinuierlich optimieren zu k\u00f6nnen. Richtig eingesetzt schafft Affiliate Marketing eine Win-Win-Situation f\u00fcr beide Seiten. Bei OTTO ist uns der pers\u00f6nliche Kontakt zu unseren Partnern sehr wichtig und du kannst dich \u00fcber unser\u00a0<a href=\"https:\/\/www.otto.de\/partnerprogramm\/kontakt\/\">Kontaktformular<\/a>\u00a0jederzeit direkt an uns wenden. Wir melden uns dann schnellstm\u00f6glich bei dir zur\u00fcck und stehen dir mit Rat und Tat zur Seite.[\/vc_column_text][\/vc_accordion_tab][\/vc_accordion][\/vc_column][\/vc_row]<\/p>\n<\/div>","protected":false},"excerpt":{"rendered":"<p>[vc_row][vc_column][vc_column_text] Das kleine Affiliate 1&#215;1 &#8211; kurze und knappe Erkl\u00e4rung von Affiliate Marketing [\/vc_column_text][vc_empty_space height=&#8220;16px&#8220;][vc_accordion active_tab=&#8220;false&#8220; title_size=&#8220;h3&#8243; style=&#8220;2&#8243;][vc_accordion_tab title=&#8220;Was ist Affiliate Marketing?&#8220;][vc_column_text] Affiliate Marketing ist ein Provisionsgesch\u00e4ft, bei dem ein Anbieter (Advertiser) seinen Vertriebspartnern (Affiliates) eine Vermittlungsprovision zahlt. Der Affiliate wird immer dann verg\u00fctet, wenn ein User \u00fcber die Website des Affiliates ein Produkt kauft<\/p>\n","protected":false},"author":17,"featured_media":0,"parent":22,"menu_order":0,"comment_status":"closed","ping_status":"closed","template":"","meta":{"_acf_changed":false,"footnotes":""},"class_list":["post-20","page","type-page","status-publish","hentry","description-off"],"acf":[],"yoast_head":"<!-- This site is optimized with the Yoast SEO plugin v27.3 - https:\/\/yoast.com\/product\/yoast-seo-wordpress\/ -->\n<title>Affiliate Marketing - Von OTTO Online Marketing Experten erkl\u00e4rt!<\/title>\n<meta name=\"description\" content=\"Affiliate Marketing ist eine sehr effektive und effiziente Form des Online Marketings. OTTO verf\u00fcgt \u00fcber eines der gr\u00f6\u00dften Affiliate Programme Deutschlands.\" \/>\n<meta name=\"robots\" content=\"index, follow, max-snippet:-1, max-image-preview:large, max-video-preview:-1\" \/>\n<link rel=\"canonical\" href=\"https:\/\/www.otto.de\/partnerprogramm\/wissenswertes\/affiliate-marketing\/\" \/>\n<meta property=\"og:locale\" content=\"de_DE\" \/>\n<meta property=\"og:type\" content=\"article\" \/>\n<meta property=\"og:title\" content=\"Affiliate Marketing - Von OTTO Online Marketing Experten erkl\u00e4rt!\" \/>\n<meta property=\"og:description\" content=\"Affiliate Marketing ist eine sehr effektive und effiziente Form des Online Marketings. OTTO verf\u00fcgt \u00fcber eines der gr\u00f6\u00dften Affiliate Programme Deutschlands.\" \/>\n<meta property=\"og:url\" content=\"https:\/\/www.otto.de\/partnerprogramm\/wissenswertes\/affiliate-marketing\/\" \/>\n<meta property=\"og:site_name\" content=\"OTTO Affiliate\" \/>\n<meta property=\"article:modified_time\" content=\"2026-04-15T10:30:51+00:00\" \/>\n<meta name=\"twitter:card\" content=\"summary_large_image\" \/>\n<meta name=\"twitter:label1\" content=\"Est. reading time\" \/>\n\t<meta name=\"twitter:data1\" content=\"6\u00a0Minuten\" \/>\n<script type=\"application\/ld+json\" class=\"yoast-schema-graph\">{\"@context\":\"https:\\\/\\\/schema.org\",\"@graph\":[{\"@type\":\"WebPage\",\"@id\":\"https:\\\/\\\/www.otto.de\\\/partnerprogramm\\\/wissenswertes\\\/affiliate-marketing\\\/\",\"url\":\"https:\\\/\\\/www.otto.de\\\/partnerprogramm\\\/wissenswertes\\\/affiliate-marketing\\\/\",\"name\":\"Affiliate Marketing - Von OTTO Online Marketing Experten erkl\u00e4rt!\",\"isPartOf\":{\"@id\":\"https:\\\/\\\/www.otto.de\\\/partnerprogramm\\\/#website\"},\"datePublished\":\"2018-06-13T12:33:30+00:00\",\"dateModified\":\"2026-04-15T10:30:51+00:00\",\"description\":\"Affiliate Marketing ist eine sehr effektive und effiziente Form des Online Marketings. OTTO verf\u00fcgt \u00fcber eines der gr\u00f6\u00dften Affiliate Programme Deutschlands.\",\"breadcrumb\":{\"@id\":\"https:\\\/\\\/www.otto.de\\\/partnerprogramm\\\/wissenswertes\\\/affiliate-marketing\\\/#breadcrumb\"},\"inLanguage\":\"de\",\"potentialAction\":[{\"@type\":\"ReadAction\",\"target\":[\"https:\\\/\\\/www.otto.de\\\/partnerprogramm\\\/wissenswertes\\\/affiliate-marketing\\\/\"]}]},{\"@type\":\"BreadcrumbList\",\"@id\":\"https:\\\/\\\/www.otto.de\\\/partnerprogramm\\\/wissenswertes\\\/affiliate-marketing\\\/#breadcrumb\",\"itemListElement\":[{\"@type\":\"ListItem\",\"position\":1,\"name\":\"Startseite\",\"item\":\"https:\\\/\\\/edit.otto-partnerprogramm.de\\\/partnerprogramm\\\/\"},{\"@type\":\"ListItem\",\"position\":2,\"name\":\"Wissenswertes\",\"item\":\"\\\/partnerprogramm\\\/wissenswertes\\\/\"},{\"@type\":\"ListItem\",\"position\":3,\"name\":\"Affiliate Marketing\"}]},{\"@type\":\"WebSite\",\"@id\":\"https:\\\/\\\/www.otto.de\\\/partnerprogramm\\\/#website\",\"url\":\"https:\\\/\\\/www.otto.de\\\/partnerprogramm\\\/\",\"name\":\"OTTO Affiliate\",\"description\":\"Das OTTO Partnerprogramm\",\"potentialAction\":[{\"@type\":\"SearchAction\",\"target\":{\"@type\":\"EntryPoint\",\"urlTemplate\":\"https:\\\/\\\/www.otto.de\\\/partnerprogramm\\\/?s={search_term_string}\"},\"query-input\":{\"@type\":\"PropertyValueSpecification\",\"valueRequired\":true,\"valueName\":\"search_term_string\"}}],\"inLanguage\":\"de\"}]}<\/script>\n<!-- \/ Yoast SEO plugin. -->","yoast_head_json":{"title":"Affiliate Marketing - Von OTTO Online Marketing Experten erkl\u00e4rt!","description":"Affiliate Marketing ist eine sehr effektive und effiziente Form des Online Marketings. OTTO verf\u00fcgt \u00fcber eines der gr\u00f6\u00dften Affiliate Programme Deutschlands.","robots":{"index":"index","follow":"follow","max-snippet":"max-snippet:-1","max-image-preview":"max-image-preview:large","max-video-preview":"max-video-preview:-1"},"canonical":"https:\/\/www.otto.de\/partnerprogramm\/wissenswertes\/affiliate-marketing\/","og_locale":"de_DE","og_type":"article","og_title":"Affiliate Marketing - Von OTTO Online Marketing Experten erkl\u00e4rt!","og_description":"Affiliate Marketing ist eine sehr effektive und effiziente Form des Online Marketings. OTTO verf\u00fcgt \u00fcber eines der gr\u00f6\u00dften Affiliate Programme Deutschlands.","og_url":"https:\/\/www.otto.de\/partnerprogramm\/wissenswertes\/affiliate-marketing\/","og_site_name":"OTTO Affiliate","article_modified_time":"2026-04-15T10:30:51+00:00","twitter_card":"summary_large_image","twitter_misc":{"Est. reading time":"6\u00a0Minuten"},"schema":{"@context":"https:\/\/schema.org","@graph":[{"@type":"WebPage","@id":"https:\/\/www.otto.de\/partnerprogramm\/wissenswertes\/affiliate-marketing\/","url":"https:\/\/www.otto.de\/partnerprogramm\/wissenswertes\/affiliate-marketing\/","name":"Affiliate Marketing - Von OTTO Online Marketing Experten erkl\u00e4rt!","isPartOf":{"@id":"https:\/\/www.otto.de\/partnerprogramm\/#website"},"datePublished":"2018-06-13T12:33:30+00:00","dateModified":"2026-04-15T10:30:51+00:00","description":"Affiliate Marketing ist eine sehr effektive und effiziente Form des Online Marketings. OTTO verf\u00fcgt \u00fcber eines der gr\u00f6\u00dften Affiliate Programme Deutschlands.","breadcrumb":{"@id":"https:\/\/www.otto.de\/partnerprogramm\/wissenswertes\/affiliate-marketing\/#breadcrumb"},"inLanguage":"de","potentialAction":[{"@type":"ReadAction","target":["https:\/\/www.otto.de\/partnerprogramm\/wissenswertes\/affiliate-marketing\/"]}]},{"@type":"BreadcrumbList","@id":"https:\/\/www.otto.de\/partnerprogramm\/wissenswertes\/affiliate-marketing\/#breadcrumb","itemListElement":[{"@type":"ListItem","position":1,"name":"Startseite","item":"https:\/\/edit.otto-partnerprogramm.de\/partnerprogramm\/"},{"@type":"ListItem","position":2,"name":"Wissenswertes","item":"\/partnerprogramm\/wissenswertes\/"},{"@type":"ListItem","position":3,"name":"Affiliate Marketing"}]},{"@type":"WebSite","@id":"https:\/\/www.otto.de\/partnerprogramm\/#website","url":"https:\/\/www.otto.de\/partnerprogramm\/","name":"OTTO Affiliate","description":"Das OTTO Partnerprogramm","potentialAction":[{"@type":"SearchAction","target":{"@type":"EntryPoint","urlTemplate":"https:\/\/www.otto.de\/partnerprogramm\/?s={search_term_string}"},"query-input":{"@type":"PropertyValueSpecification","valueRequired":true,"valueName":"search_term_string"}}],"inLanguage":"de"}]}},"lang":"de","translations":{"de":20,"en":2049},"pll_sync_post":[],"_links":{"self":[{"href":"https:\/\/www.otto.de\/partnerprogramm\/wp-json\/wp\/v2\/pages\/20","targetHints":{"allow":["GET"]}}],"collection":[{"href":"https:\/\/www.otto.de\/partnerprogramm\/wp-json\/wp\/v2\/pages"}],"about":[{"href":"https:\/\/www.otto.de\/partnerprogramm\/wp-json\/wp\/v2\/types\/page"}],"author":[{"embeddable":true,"href":"https:\/\/www.otto.de\/partnerprogramm\/wp-json\/wp\/v2\/users\/17"}],"replies":[{"embeddable":true,"href":"https:\/\/www.otto.de\/partnerprogramm\/wp-json\/wp\/v2\/comments?post=20"}],"version-history":[{"count":41,"href":"https:\/\/www.otto.de\/partnerprogramm\/wp-json\/wp\/v2\/pages\/20\/revisions"}],"predecessor-version":[{"id":1395,"href":"https:\/\/www.otto.de\/partnerprogramm\/wp-json\/wp\/v2\/pages\/20\/revisions\/1395"}],"up":[{"embeddable":true,"href":"https:\/\/www.otto.de\/partnerprogramm\/wp-json\/wp\/v2\/pages\/22"}],"wp:attachment":[{"href":"https:\/\/www.otto.de\/partnerprogramm\/wp-json\/wp\/v2\/media?parent=20"}],"curies":[{"name":"wp","href":"https:\/\/api.w.org\/{rel}","templated":true}]}}